hat is the hundred thousands digit of 125062?
1
What is the ten thousands digit of 1368475?
6
What is the ten thousands digit of 923405?
2
What is the units digit of 1087972?
2
What is the hundred thousands digit of 4781390?
7
What is the tens digit of 5342826?
2
What is the ten thousands digit of 8689406?
8
What is the ten millions digit of 26548962?
2
What is the units digit of 448578?
8
What is the tens digit of 9427322?
2
What is the millions digit of 2379746?
2
What is the thousands digit of 2069832?
9
What is the units digit of 233585?
5
What is the tens digit of 360572?
7
What is the tens digit of 2304620?
2
What is the ten thousands digit of 8482176?
8
What is the hundred thousands digit of 2160072?
1
What is the hundred thousands digit of 147592?
1
What is the thousands digit of 963761?
3
What is the hundred thousands digit of 7427991?
4
What is the hundreds digit of 41832209?
2
What is the ten thousands digit of 506013?
0
What is the units digit of 658808?
8
What is the tens digit of 5469867?
6
What is the tens digit of 66734?
3
What is the hundred thousands digit of 150384?
1
What is the thousands digit of 21304482?
4
What is the hundred thousands digit of 674014?
6
What is the tens digit of 17380260?
6
What is the ten thousands digit of 878697?
7
What is the thousands digit of 1121128?
1
What is the hundred thousands digit of 4268734?
2
What is the thousands digit of 285864?
5
What is the tens digit of 13189091?
9
What is the tens digit of 3405?
0
What is the units digit of 223586?
6
What is the units digit of 339872?
2
What is the units digit of 219380?
0
What is the thousands digit of 38051652?
1
What is the tens digit of 15312321?
2
What is the thousands digit of 5885136?
5
What is the ten thousands digit of 15699501?
9
What is the hundreds digit of 673262?
2
What is the tens digit of 139539?
3
What is the units digit of 5066449?
9
What is the hundred thousands digit of 5468112?
4
What is the hundreds digit of 913611?
6
What is the millions digit of 2192036?
2
What is the hundreds digit of 19345419?
4
What is the hundreds digit of 231605?
6
What is the hundreds digit of 157841?
8
What is the hundred thousands digit of 12150146?
1
What is the hundreds digit of 17674923?
9
What is the tens digit of 225463?
6
What is the hundreds digit of 1237033?
0
What is the hundred thousands digit of 1318988?
3
What is the tens digit of 132826?
2
What is the ten thousands digit of 7707681?
0
What is the hundreds digit of 139398?
3
What is the millions digit of 13097388?
3
What is the tens digit of 206217?
1
What is the thousands digit of 2663003?
3
What is the tens digit of 93335?
3
What is the ten thousands digit of 170920?
7
What is the thousands digit of 3317372?
7
What is the ten thousands digit of 7222060?
2
What is the units digit of 792019?
9
What is the units digit of 19090030?
0
What is the thousands digit of 76506?
6
What is the thousands digit of 3895988?
5
What is the thousands digit of 97796?
7
What is the hundreds digit of 3666961?
9
What is the tens digit of 161937?
3
What is the ten thousands digit of 159818?
5
What is the ten thousands digit of 5320558?
2
What is the ten thousands digit of 38119?
3
What is the hundreds digit of 97268?
2
What is the thousands digit of 7405230?
5
What is the ten thousands digit of 27295?
2
What is the tens digit of 478153?
5
What is the thousands digit of 743985?
3
What is the hundreds digit of 12609212?
2
What is the ten thousands digit of 153780?
5
What is the hundred thousands digit of 917414?
9
What is the units digit of 183462?
2
What is the hundred thousands digit of 9422781?
4
What is the units digit of 158375?
5
What is the tens digit of 2467786?
8
What is the tens digit of 1496311?
1
What is the hundred thousands digit of 2967837?
9
What is the hundred thousands digit of 18230668?
2
What is the tens digit of 2693981?
8
What is the ten thousands digit of 1830521?
3
What is the units digit of 1658165?
5
What is the ten thousands digit of 129716?
2
What is the units digit of 2539602?
2
What is the ten thousands digit of 849852?
4
What is the ten thousands digit of 1362821?
6
What is the ten thousands digit of 609612?
0
What is the ten thousands digit of 335954?
3
What is the hundreds digit of 175093?
0
What is the tens digit of 3980185?
8
What is the hundred thousands digit of 875022?
8
What is the units digit of 14148243?
3
What is the tens digit of 1274560?
6
What is the units digit of 546426?
6
What is the ten millions digit of 15196806?
1
What is the thousands digit of 3596244?
6
What is the hundred thousands digit of 1756976?
7
What is the millions digit of 7524462?
7
What is the hundreds digit of 6720490?
4
What is the hundred thousands digit of 1115106?
1
What is the hundreds digit of 8248940?
9
What is the millions digit of 2886296?
2
What is the hundreds digit of 788748?
7
What is the tens digit of 329298?
9
What is the tens digit of 509606?
0
What is the hundreds digit of 1643674?
6
What is the units digit of 314769?
9
What is the hundreds digit of 132193?
1
What is the ten millions digit of 11150324?
1
What is the thousands digit of 58602?
8
What is the thousands digit of 918405?
8
What is the units digit of 332256?
6
What is the thousands digit of 4465926?
5
What is the tens digit of 241644?
4
What is the millions digit of 4084220?
4
What is the units digit of 422892?
2
What is the hundreds digit of 3991486?
4
What is the hundred thousands digit of 575275?
5
What is the units digit of 79350?
0
What is the hundred thousands digit of 18823485?
8
What is the hundreds digit of 1155538?
5
What is the thousands digit of 413812?
3
What is the hundreds digit of 326325?
3
What is the ten thousands digit of 4074470?
7
What is the hundred thousands digit of 23709536?
7
What is the units digit of 832934?
4
What is the hundreds digit of 1461968?
9
What is the millions digit of 4556096?
4
What is the millions digit of 3424284?
3
What is the units digit of 458128?
8
What is the thousands digit of 4686528?
6
What is the units digit of 91025?
5
What is the tens digit of 557674?
7
What is the hundreds digit of 374343?
3
What is the tens digit of 31693194?
9
What is the tens digit of 9209216?
1
What is the tens digit of 10960224?
2
What is the millions digit of 3537821?
3
What is the hundred thousands digit of 451004?
4
What is the ten thousands digit of 319666?
1
What is the hundreds digit of 90014?
0
What is the hundreds digit of 4489379?
3
What is the hundred thousands digit of 215654?
2
What is the hundreds digit of 117497?
4
What is the tens digit of 106451?
5
What is the hundred thousands digit of 3265714?
2
What is the thousands digit of 127771?
7
What is the ten thousands digit of 92742?
9
What is the thousands digit of 885273?
5
What is the ten thousands digit of 17171882?
7
What is the units digit of 5349740?
0
What is the tens digit of 1064610?
1
What is the units digit of 248041?
1
What is the units digit of 306536?
6
What is the tens digit of 10638062?
6
What is the tens digit of 400560?
6
What is the units digit of 4771787?
7
What is the ten thousands digit of 775439?
7
What is the thousands digit of 239520?
9
What is the tens digit of 60677?
7
What is the ten thousands digit of 123253?
2
What is the units digit of 67434?
4
What is the thousands digit of 801783?
1
What is the tens digit of 588977?
7
What is the units digit of 322301?
1
What is the ten thousands digit of 153527?
5
What is the ten thousands digit of 1915102?
1
What is the hundred thousands digit of 1181017?
1
What is the units digit of 10226113?
3
What is the thousands digit of 2576249?
6
What is the hundred thousands digit of 1235845?
2
What is the thousands digit of 9564631?
4
What is the ten thousands digit of 181535?
8
What is the thousands digit of 106903?
6
What is the units digit of 279409?
9
What is the tens digit of 138963?
6
What is the ten thousands digit of 419529?
1
What is the hundreds digit of 883854?
8
What is the hundred thousands digit of 594305?
5
What is the tens digit of 6739038?
3
What is the units digit of 496416?
6
What is the thousands digit of 109270?
9
What is the units digit of 14737950?
0
What is the hundred thousands digit of 2149163?
1
What is the ten thousands digit of 13761462?
6
W